{"id":1393,"date":"2020-04-13T14:10:09","date_gmt":"2020-04-13T14:10:09","guid":{"rendered":"http:\/\/www.manuela-haeberle.de\/?page_id=1393"},"modified":"2020-04-16T15:14:13","modified_gmt":"2020-04-16T15:14:13","slug":"ueber-mich","status":"publish","type":"page","link":"http:\/\/www.manuela-haeberle.de\/?page_id=1393","title":{"rendered":"\u00dcber Mich"},"content":{"rendered":"\t\t<div data-elementor-type=\"wp-page\" data-elementor-id=\"1393\" class=\"elementor elementor-1393\" data-elementor-settings=\"[]\">\n\t\t\t<div class=\"elementor-inner\">\n\t\t\t\t<div class=\"elementor-section-wrap\">\n\t\t\t\t\t\t\t<section class=\"elementor-element elementor-element-0a79581 elementor-section-boxed elementor-section-height-default elementor-section-height-default elementor-section elementor-top-section\" data-id=\"0a79581\" data-element_type=\"section\">\n\t\t\t\t\t\t<div class=\"elementor-container elementor-column-gap-default\">\n\t\t\t\t<div class=\"elementor-row\">\n\t\t\t\t<div class=\"elementor-element elementor-element-8e8fccc elementor-column elementor-col-100 elementor-top-column\" data-id=\"8e8fccc\" data-element_type=\"column\">\n\t\t\t<div class=\"elementor-column-wrap  elementor-element-populated\">\n\t\t\t\t\t<div class=\"elementor-widget-wrap\">\n\t\t\t\t<div class=\"elementor-element elementor-element-6ae0080 elementor-widget elementor-widget-heading\" data-id=\"6ae0080\" data-element_type=\"widget\" data-widget_type=\"heading.default\">\n\t\t\t\t<div class=\"elementor-widget-container\">\n\t\t\t<h3 class=\"elementor-heading-title elementor-size-large\">\u00dcber Mich<\/h3>\t\t<\/div>\n\t\t\t\t<\/div>\n\t\t\t\t<div class=\"elementor-element elementor-element-a1d31e8 elementor-widget elementor-widget-image\" data-id=\"a1d31e8\" data-element_type=\"widget\" data-widget_type=\"image.default\">\n\t\t\t\t<div class=\"elementor-widget-container\">\n\t\t\t\t\t<div class=\"elementor-image\">\n\t\t\t\t\t\t\t\t\t\t<img width=\"150\" height=\"150\" src=\"http:\/\/www.manuela-haeberle.de\/wp-content\/uploads\/2020\/04\/IMG_9134-150x150.jpg\" class=\"attachment-thumbnail size-thumbnail\" alt=\"\" decoding=\"async\" loading=\"lazy\" \/>\t\t\t\t\t\t\t\t\t\t\t<\/div>\n\t\t\t\t<\/div>\n\t\t\t\t<\/div>\n\t\t\t\t<div class=\"elementor-element elementor-element-22b79fd elementor-widget elementor-widget-text-editor\" data-id=\"22b79fd\" data-element_type=\"widget\" data-widget_type=\"text-editor.default\">\n\t\t\t\t<div class=\"elementor-widget-container\">\n\t\t\t\t\t<div class=\"elementor-text-editor elementor-clearfix\"><p>Mein Name ist Manuela H\u00e4berle.\u00a0Ich bin lizenzierte Personal Fitness<\/p><p>und Power Plate Trainerin. Aus meiner\u00a0<span style=\"font-size: 1rem;\">langj\u00e4hrigen Erfahrung in der Fitness \u2013 und<\/span><\/p><p>Gesundheitsbranche wei\u00df ich, wie wichtig es ist\u00a0<span style=\"font-size: 1rem;\">kr\u00e4ftige Muskeln zu haben. Diese k\u00f6nnen uns<\/span><\/p><p>vor R\u00fcckenschmerzen, Knieschmerzen, Schulter\u00a0<span style=\"font-size: 1rem;\">und Nackenschmerzen sch\u00fctzen.<\/span><\/p><p>Gemeinsam mit Ihnen m\u00f6chte ich Ihre\u00a0<span style=\"font-size: 1rem;\">k\u00f6rperlichen Ziele schnellstm\u00f6glich erreichen.<\/span><\/p><\/div>\n\t\t\t\t<\/div>\n\t\t\t\t<\/div>\n\t\t\t\t\t\t<\/div>\n\t\t\t<\/div>\n\t\t<\/div>\n\t\t\t\t\t\t<\/div>\n\t\t\t<\/div>\n\t\t<\/section>\n\t\t\t\t<section class=\"elementor-element elementor-element-e860648 elementor-section-boxed elementor-section-height-default elementor-section-height-default elementor-section elementor-top-section\" data-id=\"e860648\" data-element_type=\"section\" data-settings=\"{&quot;background_background&quot;:&quot;classic&quot;}\">\n\t\t\t\t\t\t<div class=\"elementor-container elementor-column-gap-default\">\n\t\t\t\t<div class=\"elementor-row\">\n\t\t\t\t<div class=\"elementor-element elementor-element-4bcb656 elementor-column elementor-col-33 elementor-top-column\" data-id=\"4bcb656\" data-element_type=\"column\">\n\t\t\t<div class=\"elementor-column-wrap\">\n\t\t\t\t\t<div class=\"elementor-widget-wrap\">\n\t\t\t\t\t\t<\/div>\n\t\t\t<\/div>\n\t\t<\/div>\n\t\t\t\t<div class=\"elementor-element elementor-element-01d11b4 elementor-column elementor-col-33 elementor-top-column\" data-id=\"01d11b4\" data-element_type=\"column\">\n\t\t\t<div class=\"elementor-column-wrap  elementor-element-populated\">\n\t\t\t\t\t<div class=\"elementor-widget-wrap\">\n\t\t\t\t<div class=\"elementor-element elementor-element-b4a6f9f elementor-view-default elementor-widget elementor-widget-icon\" data-id=\"b4a6f9f\" data-element_type=\"widget\" data-widget_type=\"icon.default\">\n\t\t\t\t<div class=\"elementor-widget-container\">\n\t\t\t\t\t<div class=\"elementor-icon-wrapper\">\n\t\t\t<div class=\"elementor-icon\">\n\t\t\t<i aria-hidden=\"true\" class=\"far fa-address-card\"><\/i>\t\t\t<\/div>\n\t\t<\/div>\n\t\t\t\t<\/div>\n\t\t\t\t<\/div>\n\t\t\t\t<div class=\"elementor-element elementor-element-0f2e057 elementor-align-center elementor-widget elementor-widget-button\" data-id=\"0f2e057\" data-element_type=\"widget\" data-widget_type=\"button.default\">\n\t\t\t\t<div class=\"elementor-widget-container\">\n\t\t\t\t\t<div class=\"elementor-button-wrapper\">\n\t\t\t<a href=\"http:\/\/www.manuela-haeberle.de\/?page_id=1408\" class=\"elementor-button-link elementor-button elementor-size-sm\" role=\"button\">\n\t\t\t\t\t\t<span class=\"elementor-button-content-wrapper\">\n\t\t\t\t\t\t<span class=\"elementor-button-text\">Jetzt Kontakt aufnehmen<\/span>\n\t\t<\/span>\n\t\t\t\t\t<\/a>\n\t\t<\/div>\n\t\t\t\t<\/div>\n\t\t\t\t<\/div>\n\t\t\t\t\t\t<\/div>\n\t\t\t<\/div>\n\t\t<\/div>\n\t\t\t\t<div class=\"elementor-element elementor-element-4151edf elementor-column elementor-col-33 elementor-top-column\" data-id=\"4151edf\" data-element_type=\"column\">\n\t\t\t<div class=\"elementor-column-wrap\">\n\t\t\t\t\t<div class=\"elementor-widget-wrap\">\n\t\t\t\t\t\t<\/div>\n\t\t\t<\/div>\n\t\t<\/div>\n\t\t\t\t\t\t<\/div>\n\t\t\t<\/div>\n\t\t<\/section>\n\t\t\t\t\t\t<\/div>\n\t\t\t<\/div>\n\t\t<\/div>\n\t\t","protected":false},"excerpt":{"rendered":"<p>\u00dcber Mich Mein Name ist Manuela H\u00e4berle.\u00a0Ich bin lizenzierte Personal Fitness und Power Plate Trainerin. Aus meiner\u00a0langj\u00e4hrigen Erfahrung in der Fitness \u2013 und Gesundheitsbranche wei\u00df ich, wie wichtig es ist\u00a0kr\u00e4ftige Muskeln zu haben. Diese k\u00f6nnen uns vor R\u00fcckenschmerzen, Knieschmerzen, Schulter\u00a0und Nackenschmerzen sch\u00fctzen. Gemeinsam mit Ihnen m\u00f6chte ich Ihre\u00a0k\u00f6rperlichen Ziele schnellstm\u00f6glich erreichen. Jetzt Kontakt aufnehmen<\/p>\n","protected":false},"author":4,"featured_media":0,"parent":0,"menu_order":0,"comment_status":"closed","ping_status":"closed","template":"","meta":[],"_links":{"self":[{"href":"http:\/\/www.manuela-haeberle.de\/index.php?rest_route=\/wp\/v2\/pages\/1393"}],"collection":[{"href":"http:\/\/www.manuela-haeberle.de\/index.php?rest_route=\/wp\/v2\/pages"}],"about":[{"href":"http:\/\/www.manuela-haeberle.de\/index.php?rest_route=\/wp\/v2\/types\/page"}],"author":[{"embeddable":true,"href":"http:\/\/www.manuela-haeberle.de\/index.php?rest_route=\/wp\/v2\/users\/4"}],"replies":[{"embeddable":true,"href":"http:\/\/www.manuela-haeberle.de\/index.php?rest_route=%2Fwp%2Fv2%2Fcomments&post=1393"}],"version-history":[{"count":6,"href":"http:\/\/www.manuela-haeberle.de\/index.php?rest_route=\/wp\/v2\/pages\/1393\/revisions"}],"predecessor-version":[{"id":1496,"href":"http:\/\/www.manuela-haeberle.de\/index.php?rest_route=\/wp\/v2\/pages\/1393\/revisions\/1496"}],"wp:attachment":[{"href":"http:\/\/www.manuela-haeberle.de\/index.php?rest_route=%2Fwp%2Fv2%2Fmedia&parent=1393"}],"curies":[{"name":"wp","href":"https:\/\/api.w.org\/{rel}","templated":true}]}}